{"id":318,"date":"2022-02-15T15:16:47","date_gmt":"2022-02-15T14:16:47","guid":{"rendered":"https:\/\/moerynck.be\/?page_id=318"},"modified":"2022-05-24T14:14:24","modified_gmt":"2022-05-24T12:14:24","slug":"leistungen","status":"publish","type":"page","link":"https:\/\/moerynck.be\/de\/leistungen\/","title":{"rendered":"Leistungen"},"content":{"rendered":"\n<figure class=\"wp-block-image size-full\"><img loading=\"lazy\" decoding=\"async\" width=\"980\" height=\"335\" src=\"https:\/\/moerynck.be\/wp-content\/uploads\/2022\/02\/services.jpeg\" alt=\"\" class=\"wp-image-121\" srcset=\"https:\/\/moerynck.be\/wp-content\/uploads\/2022\/02\/services.jpeg 980w, https:\/\/moerynck.be\/wp-content\/uploads\/2022\/02\/services-300x103.jpeg 300w, https:\/\/moerynck.be\/wp-content\/uploads\/2022\/02\/services-768x263.jpeg 768w\" sizes=\"auto, (max-width: 980px) 100vw, 980px\" \/><\/figure>\n\n\n\n<div class=\"wp-block-columns container--picto is-layout-flex wp-container-core-columns-is-layout-9d6595d7 wp-block-columns-is-layout-flex\">\n<div class=\"wp-block-column is-layout-flow wp-block-column-is-layout-flow\" style=\"flex-basis:33.33%\">\n<figure class=\"wp-block-image size-full is-resized\"><img loading=\"lazy\" decoding=\"async\" src=\"https:\/\/moerynck.be\/wp-content\/uploads\/2022\/02\/picto-contentieux.png\" alt=\"\" class=\"wp-image-168\" width=\"40\" height=\"66\"\/><\/figure>\n<\/div>\n\n\n\n<div class=\"wp-block-column is-layout-flow wp-block-column-is-layout-flow\" style=\"flex-basis:66.66%\">\n<h2 class=\"wp-block-heading\" id=\"rechtsstreitigkeiten\">Rechtsstreitigkeiten<\/h2>\n<\/div>\n<\/div>\n\n\n\n<p>Wir treten f\u00fcr Sie ein, egal ob in fordernder oder verteidigender Rolle:&nbsp;<\/p>\n\n\n\n<ul class=\"wp-block-list\"><li>vor allen Gerichtsbarkeiten: vor Gerichtsh\u00f6fe und Gerichte\/, zivil- und strafrechtlich, einschlie\u00dflich Strafkassation, Staatsrat, Verfassungsgerichtshof, Gerichtshof der Europ\u00e4ischen Union&nbsp;<\/li><li>vor allen Verwaltungsbeh\u00f6rden, wie z. B. der Regierung, der Berufungskommission, der beratenden Berufungskommission, dem Planungsausschuss, der Berufungskommission f\u00fcr den Zugang zu Umweltinformationen<\/li><\/ul>\n\n\n\n<div class=\"wp-block-columns container--picto is-layout-flex wp-container-core-columns-is-layout-9d6595d7 wp-block-columns-is-layout-flex\">\n<div class=\"wp-block-column is-layout-flow wp-block-column-is-layout-flow\" style=\"flex-basis:33.33%\">\n<figure class=\"wp-block-image size-full\"><img loading=\"lazy\" decoding=\"async\" width=\"74\" height=\"50\" src=\"https:\/\/moerynck.be\/wp-content\/uploads\/2022\/02\/picto-conseil.png\" alt=\"\" class=\"wp-image-176\"\/><\/figure>\n<\/div>\n\n\n\n<div class=\"wp-block-column is-layout-flow wp-block-column-is-layout-flow\" style=\"flex-basis:66.66%\">\n<h2 class=\"wp-block-heading\" id=\"beratung\">Beratung<\/h2>\n<\/div>\n<\/div>\n\n\n\n<p>Wir unterst\u00fctzen Sie zum Beispiel bei:<\/p>\n\n\n\n<ul class=\"wp-block-list\"><li>Vorbereitung, Begleitung oder Anfechtung von Immobilien-, Industrie-, Landwirtschafts-, Infrastruktur- oder Gewerbeprojekten<\/li><li>Entwurf oder \u00dcberpr\u00fcfung von Genehmigungen<\/li><li>Entwurf oder \u00dcberpr\u00fcfung von Vertr\u00e4gen<\/li><li>Beendigung oder \u00dcbertragung des Gesch\u00e4ftsbetriebs<\/li><li>Sorgfaltspflichten<\/li><li>Phasen der Beteiligung der \u00d6ffentlichkeit (B\u00fcrgerbeteiligung, B\u00fcrgerbefragungen)<\/li><li>Erstellung und Aktualisierung von Registern und beh\u00f6rdliche Kontrolle gem\u00e4\u00df der Verordnung (EG) Nr. 1221\/2009 (EMAS)<\/li><\/ul>\n\n\n\n<div class=\"wp-block-columns container--picto is-layout-flex wp-container-core-columns-is-layout-9d6595d7 wp-block-columns-is-layout-flex\">\n<div class=\"wp-block-column is-layout-flow wp-block-column-is-layout-flow\" style=\"flex-basis:33.33%\">\n<figure class=\"wp-block-image size-full\"><img loading=\"lazy\" decoding=\"async\" width=\"83\" height=\"50\" src=\"https:\/\/moerynck.be\/wp-content\/uploads\/2022\/02\/picto-legistique.png\" alt=\"\" class=\"wp-image-181\"\/><\/figure>\n<\/div>\n\n\n\n<div class=\"wp-block-column is-layout-flow wp-block-column-is-layout-flow\" style=\"flex-basis:66.66%\">\n<h2 class=\"wp-block-heading\" id=\"legistik\">Legistik<\/h2>\n<\/div>\n<\/div>\n\n\n\n<p>Wir verf\u00fcgen \u00fcber langj\u00e4hrige Erfahrung in der Ausarbeitung von Entw\u00fcrfen, wie:<\/p>\n\n\n\n<ul class=\"wp-block-list\"><li>Vorentw\u00fcrfe von Rechts- oder Verwaltungsvorschriften (Gesetze, Verordnungen, Erlasse) mit Begr\u00fcndungen und Kommentaren zu den Artikeln,<\/li><li>Stellungnahmen zu solchen Entw\u00fcrfen, einschlie\u00dflich der Abfassung von Gegenentw\u00fcrfen oder \u00c4nderungsantr\u00e4gen.<\/li><\/ul>\n\n\n\n<div class=\"wp-block-columns container--picto is-layout-flex wp-container-core-columns-is-layout-9d6595d7 wp-block-columns-is-layout-flex\">\n<div class=\"wp-block-column is-layout-flow wp-block-column-is-layout-flow\" style=\"flex-basis:33.33%\">\n<figure class=\"wp-block-image size-full\"><img loading=\"lazy\" decoding=\"async\" width=\"79\" height=\"50\" src=\"https:\/\/moerynck.be\/wp-content\/uploads\/2022\/02\/picto-formation.png\" alt=\"\" class=\"wp-image-185\"\/><\/figure>\n<\/div>\n\n\n\n<div class=\"wp-block-column is-layout-flow wp-block-column-is-layout-flow\" style=\"flex-basis:66.66%\">\n<h2 class=\"wp-block-heading\" id=\"schulungen\">Schulungen<\/h2>\n<\/div>\n<\/div>\n\n\n\n<p>Wir bieten Ihnen in all unseren Kompetenzbereichen private Schulungen an. Diese k\u00f6nnen in Einzelsessions oder mit einer Gruppe, vor Ort oder Online erfolgen. Kontaktieren Sie uns gerne.<\/p>\n\n\n\n<p><a href=\"\/de\/kontakt\" data-type=\"URL\">KONTAKT<\/a><\/p>\n\n\n\n<div style=\"height:400px\" aria-hidden=\"true\" class=\"wp-block-spacer\"><\/div>\n","protected":false},"excerpt":{"rendered":"<p>Rechtsstreitigkeiten Wir treten f\u00fcr Sie ein, egal ob in fordernder oder verteidigender Rolle:&nbsp; vor allen Gerichtsbarkeiten: vor Gerichtsh\u00f6fe und Gerichte\/, zivil- und strafrechtlich, einschlie\u00dflich Strafkassation, Staatsrat, Verfassungsgerichtshof, Gerichtshof der Europ\u00e4ischen Union&nbsp; vor allen Verwaltungsbeh\u00f6rden, wie z. B. der Regierung, der Berufungskommission, der beratenden Berufungskommission, dem Planungsausschuss, der Berufungskommission f\u00fcr den Zugang zu Umweltinformationen Beratung Wir [&hellip;]<\/p>\n","protected":false},"author":1,"featured_media":0,"parent":0,"menu_order":0,"comment_status":"closed","ping_status":"closed","template":"","meta":{"footnotes":""},"class_list":["post-318","page","type-page","status-publish","hentry"],"_links":{"self":[{"href":"https:\/\/moerynck.be\/de\/wp-json\/wp\/v2\/pages\/318","targetHints":{"allow":["GET"]}}],"collection":[{"href":"https:\/\/moerynck.be\/de\/wp-json\/wp\/v2\/pages"}],"about":[{"href":"https:\/\/moerynck.be\/de\/wp-json\/wp\/v2\/types\/page"}],"author":[{"embeddable":true,"href":"https:\/\/moerynck.be\/de\/wp-json\/wp\/v2\/users\/1"}],"replies":[{"embeddable":true,"href":"https:\/\/moerynck.be\/de\/wp-json\/wp\/v2\/comments?post=318"}],"version-history":[{"count":4,"href":"https:\/\/moerynck.be\/de\/wp-json\/wp\/v2\/pages\/318\/revisions"}],"predecessor-version":[{"id":454,"href":"https:\/\/moerynck.be\/de\/wp-json\/wp\/v2\/pages\/318\/revisions\/454"}],"wp:attachment":[{"href":"https:\/\/moerynck.be\/de\/wp-json\/wp\/v2\/media?parent=318"}],"curies":[{"name":"wp","href":"https:\/\/api.w.org\/{rel}","templated":true}]}}

<figure class="wp-block-image size-full"><img loading="lazy" decoding="async" width="980" height="335" src="https://moerynck.be/wp-content/uploads/2022/02/services.jpeg" alt="" class="wp-image-121" srcset="https://moerynck.be/wp-content/uploads/2022/02/services.jpeg 980w, https://moerynck.be/wp-content/uploads/2022/02/services-300x103.jpeg 300w, https://moerynck.be/wp-content/uploads/2022/02/services-768x263.jpeg 768w" sizes="auto, (max-width: 980px) 100vw, 980px" /></figure>



<div class="wp-block-columns container--picto is-layout-flex wp-container-core-columns-is-layout-9d6595d7 wp-block-columns-is-layout-flex">
<div class="wp-block-column is-layout-flow wp-block-column-is-layout-flow" style="flex-basis:33.33%">
<figure class="wp-block-image size-full is-resized"><img loading="lazy" decoding="async" src="https://moerynck.be/wp-content/uploads/2022/02/picto-contentieux.png" alt="" class="wp-image-168" width="40" height="66"/></figure>
</div>



<div class="wp-block-column is-layout-flow wp-block-column-is-layout-flow" style="flex-basis:66.66%">
<h2 class="wp-block-heading" id="rechtsstreitigkeiten">Rechtsstreitigkeiten</h2>
</div>
</div>



<p>Wir treten für Sie ein, egal ob in fordernder oder verteidigender Rolle:&nbsp;</p>



<ul class="wp-block-list"><li>vor allen Gerichtsbarkeiten: vor Gerichtshöfe und Gerichte/, zivil- und strafrechtlich, einschließlich Strafkassation, Staatsrat, Verfassungsgerichtshof, Gerichtshof der Europäischen Union&nbsp;</li><li>vor allen Verwaltungsbehörden, wie z. B. der Regierung, der Berufungskommission, der beratenden Berufungskommission, dem Planungsausschuss, der Berufungskommission für den Zugang zu Umweltinformationen</li></ul>



<div class="wp-block-columns container--picto is-layout-flex wp-container-core-columns-is-layout-9d6595d7 wp-block-columns-is-layout-flex">
<div class="wp-block-column is-layout-flow wp-block-column-is-layout-flow" style="flex-basis:33.33%">
<figure class="wp-block-image size-full"><img loading="lazy" decoding="async" width="74" height="50" src="https://moerynck.be/wp-content/uploads/2022/02/picto-conseil.png" alt="" class="wp-image-176"/></figure>
</div>



<div class="wp-block-column is-layout-flow wp-block-column-is-layout-flow" style="flex-basis:66.66%">
<h2 class="wp-block-heading" id="beratung">Beratung</h2>
</div>
</div>



<p>Wir unterstützen Sie zum Beispiel bei:</p>



<ul class="wp-block-list"><li>Vorbereitung, Begleitung oder Anfechtung von Immobilien-, Industrie-, Landwirtschafts-, Infrastruktur- oder Gewerbeprojekten</li><li>Entwurf oder Überprüfung von Genehmigungen</li><li>Entwurf oder Überprüfung von Verträgen</li><li>Beendigung oder Übertragung des Geschäftsbetriebs</li><li>Sorgfaltspflichten</li><li>Phasen der Beteiligung der Öffentlichkeit (Bürgerbeteiligung, Bürgerbefragungen)</li><li>Erstellung und Aktualisierung von Registern und behördliche Kontrolle gemäß der Verordnung (EG) Nr. 1221/2009 (EMAS)</li></ul>



<div class="wp-block-columns container--picto is-layout-flex wp-container-core-columns-is-layout-9d6595d7 wp-block-columns-is-layout-flex">
<div class="wp-block-column is-layout-flow wp-block-column-is-layout-flow" style="flex-basis:33.33%">
<figure class="wp-block-image size-full"><img loading="lazy" decoding="async" width="83" height="50" src="https://moerynck.be/wp-content/uploads/2022/02/picto-legistique.png" alt="" class="wp-image-181"/></figure>
</div>



<div class="wp-block-column is-layout-flow wp-block-column-is-layout-flow" style="flex-basis:66.66%">
<h2 class="wp-block-heading" id="legistik">Legistik</h2>
</div>
</div>



<p>Wir verfügen über langjährige Erfahrung in der Ausarbeitung von Entwürfen, wie:</p>



<ul class="wp-block-list"><li>Vorentwürfe von Rechts- oder Verwaltungsvorschriften (Gesetze, Verordnungen, Erlasse) mit Begründungen und Kommentaren zu den Artikeln,</li><li>Stellungnahmen zu solchen Entwürfen, einschließlich der Abfassung von Gegenentwürfen oder Änderungsanträgen.</li></ul>



<div class="wp-block-columns container--picto is-layout-flex wp-container-core-columns-is-layout-9d6595d7 wp-block-columns-is-layout-flex">
<div class="wp-block-column is-layout-flow wp-block-column-is-layout-flow" style="flex-basis:33.33%">
<figure class="wp-block-image size-full"><img loading="lazy" decoding="async" width="79" height="50" src="https://moerynck.be/wp-content/uploads/2022/02/picto-formation.png" alt="" class="wp-image-185"/></figure>
</div>



<div class="wp-block-column is-layout-flow wp-block-column-is-layout-flow" style="flex-basis:66.66%">
<h2 class="wp-block-heading" id="schulungen">Schulungen</h2>
</div>
</div>



<p>Wir bieten Ihnen in all unseren Kompetenzbereichen private Schulungen an. Diese können in Einzelsessions oder mit einer Gruppe, vor Ort oder Online erfolgen. Kontaktieren Sie uns gerne.</p>



<p><a href="/de/kontakt" data-type="URL">KONTAKT</a></p>



<div style="height:400px" aria-hidden="true" class="wp-block-spacer"></div>

<p>Rechtsstreitigkeiten Wir treten für Sie ein, egal ob in fordernder oder verteidigender Rolle:&nbsp; vor allen Gerichtsbarkeiten: vor Gerichtshöfe und Gerichte/, zivil- und strafrechtlich, einschließlich Strafkassation, Staatsrat, Verfassungsgerichtshof, Gerichtshof der Europäischen Union&nbsp; vor allen Verwaltungsbehörden, wie z. B. der Regierung, der Berufungskommission, der beratenden Berufungskommission, dem Planungsausschuss, der Berufungskommission für den Zugang zu Umweltinformationen Beratung Wir [&hellip;]</p>
